[INFO] cloning repository https://github.com/MrMcEpic/Rust_R_P_S
[INFO] running `Command { std: "git" "-c" "credential.helper=" "-c" "credential.helper=/workspace/cargo-home/bin/git-credential-null" "clone" "--bare" "https://github.com/MrMcEpic/Rust_R_P_S" "/workspace/cache/git-repos/https%3A%2F%2Fgithub.com%2FMrMcEpic%2FRust_R_P_S", kill_on_drop: false }`
[INFO] [stderr] Cloning into bare repository '/workspace/cache/git-repos/https%3A%2F%2Fgithub.com%2FMrMcEpic%2FRust_R_P_S'...
[INFO] running `Command { std: "git" "rev-parse" "HEAD", kill_on_drop: false }`
[INFO] [stdout] 4ed89bef054068a4763ccda6cbb543fc19caabce
[INFO] checking MrMcEpic/Rust_R_P_S against master#af3c6e733a40e671550e0f0f5aeecaa13772ba56 for pr-74989
[INFO] running `Command { std: "git" "clone" "/workspace/cache/git-repos/https%3A%2F%2Fgithub.com%2FMrMcEpic%2FRust_R_P_S" "/workspace/builds/worker-14/source", kill_on_drop: false }`
[INFO] [stderr] Cloning into '/workspace/builds/worker-14/source'...
[INFO] [stderr] done.
[INFO] validating manifest of git repo https://github.com/MrMcEpic/Rust_R_P_S on toolchain af3c6e733a40e671550e0f0f5aeecaa13772ba56
[INFO] running `Command { std: "/workspace/cargo-home/bin/cargo" "+af3c6e733a40e671550e0f0f5aeecaa13772ba56" "read-manifest" "--manifest-path" "Cargo.toml", kill_on_drop: false }`
[INFO] started tweaking git repo https://github.com/MrMcEpic/Rust_R_P_S
[INFO] finished tweaking git repo https://github.com/MrMcEpic/Rust_R_P_S
[INFO] tweaked toml for git repo https://github.com/MrMcEpic/Rust_R_P_S written to /workspace/builds/worker-14/source/Cargo.toml
[INFO] crate git repo https://github.com/MrMcEpic/Rust_R_P_S already has a lockfile, it will not be regenerated
[INFO] running `Command { std: "/workspace/cargo-home/bin/cargo" "+af3c6e733a40e671550e0f0f5aeecaa13772ba56" "fetch" "--locked" "--manifest-path" "Cargo.toml", kill_on_drop: false }`
[INFO] [stderr]     Blocking waiting for file lock on package cache
[INFO] running `Command { std: "docker" "create" "-v" "/var/lib/crater-agent-workspace/builds/worker-14/target:/opt/rustwide/target:rw,Z" "-v" "/var/lib/crater-agent-workspace/builds/worker-14/source:/opt/rustwide/workdir:ro,Z" "-v" "/var/lib/crater-agent-workspace/cargo-home:/opt/rustwide/cargo-home:ro,Z" "-v" "/var/lib/crater-agent-workspace/rustup-home:/opt/rustwide/rustup-home:ro,Z" "-e" "SOURCE_DIR=/opt/rustwide/workdir" "-e" "CARGO_TARGET_DIR=/opt/rustwide/target" "-e" "CARGO_HOME=/opt/rustwide/cargo-home" "-e" "RUSTUP_HOME=/opt/rustwide/rustup-home" "-w" "/opt/rustwide/workdir" "-m" "1610612736" "--user" "0:0" "--network" "none" "rustops/crates-build-env@sha256:d92eaeed33fa75130ca1ee6c8a01d1ffb62bac859dfdfb3450e3e5d1c0146529" "/opt/rustwide/cargo-home/bin/cargo" "+af3c6e733a40e671550e0f0f5aeecaa13772ba56" "metadata" "--no-deps" "--format-version=1", kill_on_drop: false }`
[INFO] [stdout] f58c1c9116e9ccaccb602289c2c5eb9ee621c8a9c1fe4b3edad1398401fa9cbe
[INFO] [stderr] WARNING: Your kernel does not support swap limit capabilities or the cgroup is not mounted. Memory limited without swap.
[INFO] running `Command { std: "docker" "start" "-a" "f58c1c9116e9ccaccb602289c2c5eb9ee621c8a9c1fe4b3edad1398401fa9cbe", kill_on_drop: false }`
[INFO] running `Command { std: "docker" "inspect" "f58c1c9116e9ccaccb602289c2c5eb9ee621c8a9c1fe4b3edad1398401fa9cbe", kill_on_drop: false }`
[INFO] running `Command { std: "docker" "rm" "-f" "f58c1c9116e9ccaccb602289c2c5eb9ee621c8a9c1fe4b3edad1398401fa9cbe", kill_on_drop: false }`
[INFO] [stdout] f58c1c9116e9ccaccb602289c2c5eb9ee621c8a9c1fe4b3edad1398401fa9cbe
[INFO] running `Command { std: "docker" "create" "-v" "/var/lib/crater-agent-workspace/builds/worker-14/target:/opt/rustwide/target:rw,Z" "-v" "/var/lib/crater-agent-workspace/builds/worker-14/source:/opt/rustwide/workdir:ro,Z" "-v" "/var/lib/crater-agent-workspace/cargo-home:/opt/rustwide/cargo-home:ro,Z" "-v" "/var/lib/crater-agent-workspace/rustup-home:/opt/rustwide/rustup-home:ro,Z" "-e" "SOURCE_DIR=/opt/rustwide/workdir" "-e" "CARGO_TARGET_DIR=/opt/rustwide/target" "-e" "CARGO_INCREMENTAL=0" "-e" "RUST_BACKTRACE=full" "-e" "RUSTFLAGS=--cap-lints=forbid" "-e" "CARGO_HOME=/opt/rustwide/cargo-home" "-e" "RUSTUP_HOME=/opt/rustwide/rustup-home" "-w" "/opt/rustwide/workdir" "-m" "1610612736" "--user" "0:0" "--network" "none" "rustops/crates-build-env@sha256:d92eaeed33fa75130ca1ee6c8a01d1ffb62bac859dfdfb3450e3e5d1c0146529" "/opt/rustwide/cargo-home/bin/cargo" "+af3c6e733a40e671550e0f0f5aeecaa13772ba56" "check" "--frozen" "--all" "--all-targets" "--message-format=json", kill_on_drop: false }`
[INFO] [stdout] e3e54d341f48803542a2096a4527743df496a358441c3c28d52acbe1479bf6f5
[INFO] [stderr] WARNING: Your kernel does not support swap limit capabilities or the cgroup is not mounted. Memory limited without swap.
[INFO] running `Command { std: "docker" "start" "-a" "e3e54d341f48803542a2096a4527743df496a358441c3c28d52acbe1479bf6f5", kill_on_drop: false }`
[INFO] [stderr]    Compiling unicode-xid v0.1.0
[INFO] [stderr]    Compiling autocfg v0.1.1
[INFO] [stderr]    Compiling semver-parser v0.7.0
[INFO] [stderr]    Compiling winapi v0.3.6
[INFO] [stderr]    Compiling serde v1.0.84
[INFO] [stderr]     Checking lazy_static v1.2.0
[INFO] [stderr]     Checking rgb v0.8.11
[INFO] [stderr]     Checking winapi-util v0.1.1
[INFO] [stderr]     Checking rand_xorshift v0.1.1
[INFO] [stderr]     Checking rand_hc v0.1.0
[INFO] [stderr]     Checking rand_isaac v0.1.1
[INFO] [stderr]     Checking rand v0.4.5
[INFO] [stderr]     Checking rand_os v0.1.1
[INFO] [stderr]     Checking term_size v0.3.1
[INFO] [stderr]    Compiling proc-macro2 v0.4.24
[INFO] [stderr]    Compiling semver v0.9.0
[INFO] [stderr]    Compiling rand_chacha v0.1.1
[INFO] [stderr]    Compiling rand v0.6.4
[INFO] [stderr]    Compiling rustc_version v0.2.3
[INFO] [stderr]    Compiling quote v0.6.10
[INFO] [stderr]     Checking wincolor v1.0.1
[INFO] [stderr]     Checking cgmath v0.16.1
[INFO] [stderr]    Compiling syn v0.15.24
[INFO] [stderr]    Compiling rand_pcg v0.1.1
[INFO] [stderr]    Compiling serde_derive v1.0.84
[INFO] [stderr]     Checking winconsole v0.10.0
[INFO] [stderr]     Checking Rock_Paper_Scissors v0.1.1 (/opt/rustwide/workdir)
[INFO] [stdout] error[E0432]: unresolved imports `wincolor::Color`, `wincolor::Console`, `wincolor::Intense`
[INFO] [stdout]  --> src/text.rs:2:16
[INFO] [stdout]   |
[INFO] [stdout] 2 | use wincolor::{Color, Console, Intense};
[INFO] [stdout]   |                ^^^^^  ^^^^^^^  ^^^^^^^ no `Intense` in the root
[INFO] [stdout]   |                |      |
[INFO] [stdout]   |                |      no `Console` in the root
[INFO] [stdout]   |                no `Color` in the root
[INFO] [stdout] 
[INFO] [stdout] 
[INFO] [stdout] error[E0432]: unresolved import `winconsole::console`
[INFO] [stdout]  --> src/text.rs:3:5
[INFO] [stdout]   |
[INFO] [stdout] 3 | use winconsole::console;
[INFO] [stdout]   |     ^^^^^^^^^^^^^^^^^^^ no `console` in the root
[INFO] [stdout] 
[INFO] [stdout] 
[INFO] [stdout] error[E0432]: unresolved imports `wincolor::Color`, `wincolor::Console`, `wincolor::Intense`
[INFO] [stdout]  --> src/text.rs:2:16
[INFO] [stdout]   |
[INFO] [stdout] 2 | use wincolor::{Color, Console, Intense};
[INFO] [stdout]   |                ^^^^^  ^^^^^^^  ^^^^^^^ no `Intense` in the root
[INFO] [stdout]   |                |      |
[INFO] [stdout]   |                |      no `Console` in the root
[INFO] [stdout]   |                no `Color` in the root
[INFO] [stdout] 
[INFO] [stdout] 
[INFO] [stdout] error[E0432]: unresolved import `winconsole::console`
[INFO] [stdout]  --> src/text.rs:3:5
[INFO] [stdout]   |
[INFO] [stdout] 3 | use winconsole::console;
[INFO] [stdout]   |     ^^^^^^^^^^^^^^^^^^^ no `console` in the root
[INFO] [stdout] 
[INFO] [stdout] 
[INFO] [stdout] error: aborting due to 2 previous errors
[INFO] [stdout] 
[INFO] [stdout] 
[INFO] [stdout] For more information about this error, try `rustc --explain E0432`.
[INFO] [stdout] 
[INFO] [stdout] error: aborting due to 2 previous errors
[INFO] [stdout] 
[INFO] [stdout] 
[INFO] [stdout] For more information about this error, try `rustc --explain E0432`.
[INFO] [stdout] 
[INFO] [stderr] error: could not compile `Rock_Paper_Scissors`.
[INFO] [stderr] 
[INFO] [stderr] To learn more, run the command again with --verbose.
[INFO] [stderr] warning: build failed, waiting for other jobs to finish...
[INFO] [stderr] error: build failed
[INFO] running `Command { std: "docker" "inspect" "e3e54d341f48803542a2096a4527743df496a358441c3c28d52acbe1479bf6f5", kill_on_drop: false }`
[INFO] running `Command { std: "docker" "rm" "-f" "e3e54d341f48803542a2096a4527743df496a358441c3c28d52acbe1479bf6f5", kill_on_drop: false }`
[INFO] [stdout] e3e54d341f48803542a2096a4527743df496a358441c3c28d52acbe1479bf6f5
